?
16
What is the remainder when 284 is divided by 12?
8
Calculate the remainder when 969 is divided by 326.
317
Calculate the remainder when 1708 is divided by 1701.
7
Calculate the remainder when 2356 is divided by 17.
10
Calculate the remainder when 1253 is divided by 209.
208
Calculate the remainder when 3384 is divided by 22.
18
Calculate the remainder when 83 is divided by 21.
20
Calculate the remainder when 3197 is divided by 13.
12
What is the remainder when 425 is divided by 141?
2
Calculate the remainder when 154 is divided by 32.
26
What is the remainder when 6826 is divided by 12?
10
Calculate the remainder when 2649 is divided by 3.
0
What is the remainder when 3955 is divided by 198?
193
What is the remainder when 454 is divided by 52?
38
Calculate the remainder when 825 is divided by 54.
15
Calculate the remainder when 511 is divided by 47.
41
Calculate the remainder when 355 is divided by 24.
19
What is the remainder when 103 is divided by 35?
33
What is the remainder when 495 is divided by 196?
103
What is the remainder when 6387 is divided by 68?
63
Calculate the remainder when 98 is divided by 89.
9
Calculate the remainder when 884 is divided by 169.
39
What is the remainder when 557 is divided by 8?
5
Calculate the remainder when 222 is divided by 61.
39
What is the remainder when 629 is divided by 158?
155
What is the remainder when 2441 is divided by 13?
10
Calculate the remainder when 43 is divided by 21.
1
What is the remainder when 272 is divided by 60?
32
What is the remainder when 14009 is divided by 113?
110
Calculate the remainder when 2200 is divided by 105.
100
Calculate the remainder when 47 is divided by 16.
15
What is the remainder when 77 is divided by 20?
17
What is the remainder when 185 is divided by 33?
20
What is the remainder when 440 is divided by 154?
132
Calculate the remainder when 6556 is divided by 160.
156
Calculate the remainder when 25 is divided by 3.
1
What is the remainder when 6269 is divided by 95?
94
Calculate the remainder when 130 is divided by 45.
40
What is the remainder when 2559 is divided by 14?
11
Calculate the remainder when 78 is divided by 77.
1
Calculate the remainder when 4893 is divided by 153.
150
What is the remainder when 1735 is divided by 47?
43
Calculate the remainder when 92 is divided by 52.
40
Calculate the remainder when 4610 is divided by 10.
0
Calculate the remainder when 86 is divided by 29.
28
What is the remainder when 326 is divided by 101?
23
What is the remainder when 105 is divided by 27?
24
What is the remainder when 435 is divided by 169?
97
Calculate the remainder when 435 is divided by 63.
57
Calculate the remainder when 1049 is divided by 331.
56
What is the remainder when 403 is divided by 204?
199
What is the remainder when 665 is divided by 321?
23
What is the remainder when 125 is divided by 60?
5
Calculate the remainder when 208 is divided by 152.
56
What is the remainder when 214 is divided by 7?
4
Calculate the remainder when 476 is divided by 53.
52
What is the remainder when 1440 is divided by 284?
20
What is the remainder when 250 is divided by 20?
10
Calculate the remainder when 14 is divided by 9.
5
What is the remainder when 124 is divided by 9?
7
Calculate the remainder when 177 is divided by 18.
15
Calculate the remainder when 789 is divided by 81.
60
What is the remainder when 5853 is divided by 28?
1
What is the remainder when 333 is divided by 130?
73
Calculate the remainder when 439 is divided by 9.
7
What is the remainder when 2616 is divided by 138?
132
Calculate the remainder when 169 is divided by 86.
83
Calculate the remainder when 717 is divided by 64.
13
What is the remainder when 1587 is divided by 265?
262
What is the remainder when 83 is divided by 30?
23
What is the remainder when 14705 is divided by 77?
75
Calculate the remainder when 716 is divided by 210.
86
What is the remainder when 5731 is divided by 205?
196
Calculate the remainder when 24 is divided by 8.
0
Calculate the remainder when 3903 is divided by 14.
11
What is the remainder when 1488 is divided by 17?
9
What is the remainder when 358 is divided by 28?
22
Calculate the remainder when 1317 is divided by 15.
12
Calculate the remainder when 862 is divided by 424.
14
Calculate the remainder when 936 is divided by 67.
65
What is the remainder when 214 is divided by 8?
6
What is the remainder when 263 is divided by 88?
87
Calculate the remainder when 208 is divided by 10.
8
What is the remainder when 325 is divided by 224?
101
What is the remainder when 90 is divided by 74?
16
Calculate the remainder when 183 is divided by 111.
72
Calculate the remainder when 29 is divided by 2.
1
What is the remainder when 11627 is divided by 68?
67
What is the remainder when 848 is divided by 98?
64
What is the remainder when 152 is divided by 42?
26
What is the remainder when 1895 is divided by 17?
8
What is the remainder when 142 is divided by 36?
34
What is the remainder when 710 is divided by 61?
39
Calculate the remainder when 336 is divided by 19.
13
What is the remainder when 132 is divided by 19?
18
What is the remainder when 2872 is divided by 13?
12
Calculate the remainder when 139 is divided by 10.
9
Calculate the remainder when 36 is divided by 16.
4
Calculate the remainder when 273 is divided by 78.
39
What is the remainder when 982 is divided by 104?
46
Calculate the remainder when 301 is divided by 102.
97
What is the remainder when 1566 is divided by 171?
27
Calculate the remainder when 2263 is divided by 476.
359
What is the remainder when 2032 is divided by 412?
384
Calculate the remainder when 188 is divided by 21.
20
What is the remainder when 1445 is divided by 1433?
12
Calculate the remainder when 112 is divided by 23.
20
What is the remainder when 1137 is divided by 15?
12
What is the remainder when 637 is divided by 255?
127
What is the remainder when 537 is divided by 31?
10
Calculate the remainder when 570 is divided by 27.
3
Calculate the remainder when 77 is divided by 26.
25
What is the remainder when 197 is divided by 1?
0
What is the remainder when 95 is divided by 70?
25
Calculate the remainder when 532 is divided by 41.
40
What is the remainder when 166 is divided by 135?
31
What is the remainder when 243 is divided by 62?
57
Calculate the remainder when 4675 is divided by 28.
27
What is the remainder when 39 is divided by 2?
1
What is the remainder when 1462 is divided by 45?
22
What is the remainder when 6014 is divided by 15?
14
What is the remainder when 6362 is divided by 4?
2
Calculate the remainder when 482 is divided by 7.
6
Calculate the remainder when 381 is divided by 377.
4
Calculate the remainder when 424 is divided by 18.
10
What is the remainder when 1042 is divided by 64?
18
Calculate the remainder when 137 is divided by 87.
50
Calculate the remainder when 505 is divided by 90.
55
Calculate the remainder when 561 is divided by 276.
9
Calculate the remainder when 124 is divided by 20.
4
Calculate the remainder when 1609 is divided by 38.
13
What is the remainder when 4750 is divided by 16?
14
Calculate the remainder when 136 is divided by 59.
18
Calculate the remainder when 1435 is divided by 131.
125
Calculate the remainder when 671 is divided by 24.
23
What is the remainder when 218 is divided by 15?
8
Calculate the remainder when 2491 is divided by 20.
11
Calculate the remainder when 191 is divided by 51.
38
What is the remainder when 272 is divided by 28?
20
What is the remainder when 402 is divided by 100?
2
Calculate the remainder when 757 is divided by 88.
53
What is the remainder when 200 is divided by 4?
0
What is the remainder when 252 is divided by 16?
12
What is the remainder when 34 is divided by 19?
15
Calculate the remainder when 2781 is divided by 14.
9
Calculate the remainder when 103 is divided by 16.
7
Calculate the remainder when 185 is divided by 62.
61
Calculate the remainder when 2111 is divided by 81.
5
Calculate the remainder when 43 is divided by 9.
7
What is the remainder when 215 is divided by 2?
1
Calculate the remainder when 306 is divided by 44.
42
Calculate the remainder when 2871 is divided by 169.
167
Calculate the remainder when 1245 is divided by 39.
36
Calculate the remainder when 1207 is 